{"id":7832,"date":"2014-04-07T15:23:37","date_gmt":"2014-04-07T15:23:37","guid":{"rendered":"http:\/\/health-center.vamtam.com\/?page_id=7832"},"modified":"2024-01-18T13:36:08","modified_gmt":"2024-01-18T13:36:08","slug":"home-new","status":"publish","type":"page","link":"https:\/\/interventus.com.br\/","title":{"rendered":"Home &#8211; new"},"content":{"rendered":"<div class=\"row \"><div class=\"wpv-grid grid-1-1 move-into-slider wpv-first-level first unextended\" style=\"padding-top:0px;padding-bottom:70px\" id=\"wpv-column-868b99ec288ad45706680bd986190046\" ><div class=\"row \"><div class=\"wpv-grid grid-1-3  first unextended\" style=\"padding-top:0px;padding-bottom:0px\" id=\"wpv-column-3faa8b9fd4f36a05e6e1150c1bb7cffe\" ><style scoped>#wpv-expandable-d4689d1c2aadc10bce8e9d2364bb93f7 .closed{background:#9aad95;}#wpv-expandable-d4689d1c2aadc10bce8e9d2364bb93f7 .closed,#wpv-expandable-d4689d1c2aadc10bce8e9d2364bb93f7 .closed p,#wpv-expandable-d4689d1c2aadc10bce8e9d2364bb93f7 .closed .sep-text h2.regular-title-wrapper,#wpv-expandable-d4689d1c2aadc10bce8e9d2364bb93f7 .closed .text-divider-double,#wpv-expandable-d4689d1c2aadc10bce8e9d2364bb93f7 .closed .sep-text .sep-text-line,#wpv-expandable-d4689d1c2aadc10bce8e9d2364bb93f7 .closed .sep,#wpv-expandable-d4689d1c2aadc10bce8e9d2364bb93f7 .closed .sep-2,#wpv-expandable-d4689d1c2aadc10bce8e9d2364bb93f7 .closed .sep-3,#wpv-expandable-d4689d1c2aadc10bce8e9d2364bb93f7 .closed td,#wpv-expandable-d4689d1c2aadc10bce8e9d2364bb93f7 .closed th,#wpv-expandable-d4689d1c2aadc10bce8e9d2364bb93f7 .closed caption{color:#fff;}#wpv-expandable-d4689d1c2aadc10bce8e9d2364bb93f7 .open{background:#9aad95;}#wpv-expandable-d4689d1c2aadc10bce8e9d2364bb93f7 .open,#wpv-expandable-d4689d1c2aadc10bce8e9d2364bb93f7 .open p,#wpv-expandable-d4689d1c2aadc10bce8e9d2364bb93f7 .open .sep-text h2.regular-title-wrapper,#wpv-expandable-d4689d1c2aadc10bce8e9d2364bb93f7 .open .text-divider-double,#wpv-expandable-d4689d1c2aadc10bce8e9d2364bb93f7 .open .sep-text .sep-text-line,#wpv-expandable-d4689d1c2aadc10bce8e9d2364bb93f7 .open .sep,#wpv-expandable-d4689d1c2aadc10bce8e9d2364bb93f7 .open .sep-2,#wpv-expandable-d4689d1c2aadc10bce8e9d2364bb93f7 .open .sep-3,#wpv-expandable-d4689d1c2aadc10bce8e9d2364bb93f7 .open td,#wpv-expandable-d4689d1c2aadc10bce8e9d2364bb93f7 .open th,#wpv-expandable-d4689d1c2aadc10bce8e9d2364bb93f7 .open caption{color:#fff;}<\/style>\n<div class=\"services has-more \" id=\"wpv-expandable-d4689d1c2aadc10bce8e9d2364bb93f7\">\n\t<div class=\"closed services-inside\">\n\t\t<div class=\"services-content-wrapper clearfix\">\n\t\t\t\n\t\t\t<div class=\"push\" style='height:10px'><\/div>\n<strong><span style=\"font-family: Oswald, sans-serif; font-size: 22px; color: #ffffff;\">Quem somos<\/span><br \/>\n<\/strong><div class=\"push\" style='height:15px'><\/div>\n<span style=\"font-family: Oswald, sans-serif; font-size: 13px; color: #ffffff;\">Consultoria, Assessoria, Treinamento e outros Servi\u00e7os na esfera da ag\u00eancia Nacional de Vigil\u00e2ncia Sanit\u00e1ria &#8211;\u00a0Anvisa<\/span><br \/>\n<div class=\"push\" style='height:25px'><\/div>\n\n\t\t<\/div>\n\t<\/div>\n\t<div class=\"open services-inside\">\n\t\t<div class=\"services-content-wrapper\">\n\t\t\t<div class=\"row\">\n\t\t\t\t\n<a href=\"http:\/\/interventus.com.br\/?page_id=29\" target=\"_self\" style='font-size: 14px;' class=\"button vamtam-button accent8  button-border hover-accent1 \"><span class=\"btext\">Saiba mais<\/span><\/a>\n\t\t\t<\/div>\n\t\t<\/div>\n\t<\/div>\n<\/div>\n\n<\/div>\n<div class=\"wpv-grid grid-1-3  unextended\" style=\"padding-top:0px;padding-bottom:0px\" id=\"wpv-column-111bf17442d58fa40b47abee75c12d5c\" ><style scoped>#wpv-expandable-ff3216814b6099d38876b867b0c762cf .closed{background:#527b54;}#wpv-expandable-ff3216814b6099d38876b867b0c762cf .closed,#wpv-expandable-ff3216814b6099d38876b867b0c762cf .closed p,#wpv-expandable-ff3216814b6099d38876b867b0c762cf .closed .sep-text h2.regular-title-wrapper,#wpv-expandable-ff3216814b6099d38876b867b0c762cf .closed .text-divider-double,#wpv-expandable-ff3216814b6099d38876b867b0c762cf .closed .sep-text .sep-text-line,#wpv-expandable-ff3216814b6099d38876b867b0c762cf .closed .sep,#wpv-expandable-ff3216814b6099d38876b867b0c762cf .closed .sep-2,#wpv-expandable-ff3216814b6099d38876b867b0c762cf .closed .sep-3,#wpv-expandable-ff3216814b6099d38876b867b0c762cf .closed td,#wpv-expandable-ff3216814b6099d38876b867b0c762cf .closed th,#wpv-expandable-ff3216814b6099d38876b867b0c762cf .closed caption{color:#e1ebe1;}#wpv-expandable-ff3216814b6099d38876b867b0c762cf .open{background:#527b54;}#wpv-expandable-ff3216814b6099d38876b867b0c762cf .open,#wpv-expandable-ff3216814b6099d38876b867b0c762cf .open p,#wpv-expandable-ff3216814b6099d38876b867b0c762cf .open .sep-text h2.regular-title-wrapper,#wpv-expandable-ff3216814b6099d38876b867b0c762cf .open .text-divider-double,#wpv-expandable-ff3216814b6099d38876b867b0c762cf .open .sep-text .sep-text-line,#wpv-expandable-ff3216814b6099d38876b867b0c762cf .open .sep,#wpv-expandable-ff3216814b6099d38876b867b0c762cf .open .sep-2,#wpv-expandable-ff3216814b6099d38876b867b0c762cf .open .sep-3,#wpv-expandable-ff3216814b6099d38876b867b0c762cf .open td,#wpv-expandable-ff3216814b6099d38876b867b0c762cf .open th,#wpv-expandable-ff3216814b6099d38876b867b0c762cf .open caption{color:#e1ebe1;}<\/style>\n<div class=\"services has-more \" id=\"wpv-expandable-ff3216814b6099d38876b867b0c762cf\">\n\t<div class=\"closed services-inside\">\n\t\t<div class=\"services-content-wrapper clearfix\">\n\t\t\t\n\t\t\t<div class=\"push\" style='height:10px'><\/div>\n<strong><span style=\"color: #ffffff; font-family: tahoma, arial, helvetica, sans-serif; font-size: 20pt;\"><span style=\"font-family: Oswald, sans-serif; font-size: 22px;\">Servi\u00e7os<\/span><br \/>\n<\/span><\/strong><div class=\"push\" style='height:15px'><\/div>\n<span style=\"font-family: Oswald, sans-serif; font-size: 13px; color: #ffffff;\">Consultoria, Assessoria, Treinamento e outros Servi\u00e7os na esfera da ag\u00eancia Nacional de Vigil\u00e2ncia Sanit\u00e1ria \u2013 Anvisa<\/span><br \/>\n<div class=\"push\" style='height:25px'><\/div>\n\n\t\t<\/div>\n\t<\/div>\n\t<div class=\"open services-inside\">\n\t\t<div class=\"services-content-wrapper\">\n\t\t\t<div class=\"row\">\n\t\t\t\t\n<a href=\"http:\/\/interventus.com.br\/?page_id=32\" target=\"_self\" style='font-size: 14px;' class=\"button vamtam-button accent8  button-border hover-accent1 \"><span class=\"btext\">Saiba mais<\/span><\/a>\n\t\t\t<\/div>\n\t\t<\/div>\n\t<\/div>\n<\/div>\n\n<\/div>\n<div class=\"wpv-grid grid-1-3  unextended\" style=\"padding-top:0px;padding-bottom:0px\" id=\"wpv-column-6d610390400e0a2c65626560634a367c\" ><style scoped>#wpv-expandable-649ccd05a4ef0db4c3771bb473e0bc7d .closed{background:#006400;}#wpv-expandable-649ccd05a4ef0db4c3771bb473e0bc7d .closed,#wpv-expandable-649ccd05a4ef0db4c3771bb473e0bc7d .closed p,#wpv-expandable-649ccd05a4ef0db4c3771bb473e0bc7d .closed .sep-text h2.regular-title-wrapper,#wpv-expandable-649ccd05a4ef0db4c3771bb473e0bc7d .closed .text-divider-double,#wpv-expandable-649ccd05a4ef0db4c3771bb473e0bc7d .closed .sep-text .sep-text-line,#wpv-expandable-649ccd05a4ef0db4c3771bb473e0bc7d .closed .sep,#wpv-expandable-649ccd05a4ef0db4c3771bb473e0bc7d .closed .sep-2,#wpv-expandable-649ccd05a4ef0db4c3771bb473e0bc7d .closed .sep-3,#wpv-expandable-649ccd05a4ef0db4c3771bb473e0bc7d .closed td,#wpv-expandable-649ccd05a4ef0db4c3771bb473e0bc7d .closed th,#wpv-expandable-649ccd05a4ef0db4c3771bb473e0bc7d .closed caption{color:#64ff64;}#wpv-expandable-649ccd05a4ef0db4c3771bb473e0bc7d .open{background:#006400;}#wpv-expandable-649ccd05a4ef0db4c3771bb473e0bc7d .open,#wpv-expandable-649ccd05a4ef0db4c3771bb473e0bc7d .open p,#wpv-expandable-649ccd05a4ef0db4c3771bb473e0bc7d .open .sep-text h2.regular-title-wrapper,#wpv-expandable-649ccd05a4ef0db4c3771bb473e0bc7d .open .text-divider-double,#wpv-expandable-649ccd05a4ef0db4c3771bb473e0bc7d .open .sep-text .sep-text-line,#wpv-expandable-649ccd05a4ef0db4c3771bb473e0bc7d .open .sep,#wpv-expandable-649ccd05a4ef0db4c3771bb473e0bc7d .open .sep-2,#wpv-expandable-649ccd05a4ef0db4c3771bb473e0bc7d .open .sep-3,#wpv-expandable-649ccd05a4ef0db4c3771bb473e0bc7d .open td,#wpv-expandable-649ccd05a4ef0db4c3771bb473e0bc7d .open th,#wpv-expandable-649ccd05a4ef0db4c3771bb473e0bc7d .open caption{color:#64ff64;}<\/style>\n<div class=\"services has-more \" id=\"wpv-expandable-649ccd05a4ef0db4c3771bb473e0bc7d\">\n\t<div class=\"closed services-inside\">\n\t\t<div class=\"services-content-wrapper clearfix\">\n\t\t\t\n\t\t\t<div class=\"push\" style='height:10px'><\/div>\n<strong><span style=\"color: #ffffff; font-family: tahoma, arial, helvetica, sans-serif; font-size: 20pt;\"><span style=\"font-family: Oswald, sans-serif; font-size: 22px;\">MAPA<\/span><br \/>\n<\/span><\/strong><div class=\"push\" style='height:15px'><\/div>\n<span style=\"font-family: Oswald, sans-serif; font-size: 13px; color: #ffffff;\">Projeto completo de Certifica\u00e7\u00e3o<\/span><br \/>\n<div class=\"push\" style='height:25px'><\/div>\n\n\t\t<\/div>\n\t<\/div>\n\t<div class=\"open services-inside\">\n\t\t<div class=\"services-content-wrapper\">\n\t\t\t<div class=\"row\">\n\t\t\t\t\n<a href=\"http:\/\/interventus.com.br\/?page_id=8056\" target=\"_self\" style='font-size: 14px;' class=\"button vamtam-button accent8  button-border hover-accent1 \"><span class=\"btext\">Saiba Mais<\/span><\/a>\n\t\t\t<\/div>\n\t\t<\/div>\n\t<\/div>\n<\/div>\n\n<\/div><\/div><\/div><\/div>\n<p><span style=\"font-family: Oswald, sans-serif;\"><strong><span style=\"font-size: 24pt; color: #339966;\">Sobre a Interventus<\/span><\/strong><\/span><\/p>\n<div class=\"sep\"><\/div>\n<div class=\"row \"><div class=\"wpv-grid grid-1-1  wpv-first-level first unextended\" style=\"padding-top:0px;padding-bottom:0px\" id=\"wpv-column-f3f4954ae2082dea6583f73ef2f5fbfa\" ><table style=\"height: 239px;\" border=\"0\" width=\"838\" cellspacing=\"0\" cellpadding=\"0\">\n<tbody>\n<tr>\n<td width=\"30%\"><a href=\"http:\/\/interventus.com.br\/wp-content\/uploads\/2014\/04\/docs_color_ok.jpg\"><img loading=\"lazy\" decoding=\"async\" class=\"alignnone wp-image-8166 size-full\" src=\"http:\/\/interventus.com.br\/wp-content\/uploads\/2014\/04\/docs_color_ok.jpg\" alt=\"\" width=\"306\" height=\"204\" srcset=\"https:\/\/interventus.com.br\/wp-content\/uploads\/2014\/04\/docs_color_ok.jpg 306w, https:\/\/interventus.com.br\/wp-content\/uploads\/2014\/04\/docs_color_ok-300x200.jpg 300w, https:\/\/interventus.com.br\/wp-content\/uploads\/2014\/04\/docs_color_ok-262x175.jpg 262w\" sizes=\"auto, (max-width: 306px) 100vw, 306px\" \/><\/a><\/td>\n<td width=\"70%\"><span style=\"font-family: Oswald, sans-serif; font-size: 14px;\"><strong>SOMOS UMA CONSULTORIA FOCADA EM PRODUTOS\/EMPRESAS QUE ENVOLVAM *ANVISA E *MAPA<\/strong><br \/>\n<\/span><br \/>\n<span style=\"font-family: Oswald, sans-serif; font-size: 14px;\">Se sua empresa pretende fabricar, importar, distribuir, armazenar, entre outras atividades, produtos como: Cosm\u00e9ticos, Alimentos, Produtos M\u00e9dicos, Medicamentos e Saneantes, <strong>a Interventus oferece suporte t\u00e9cnico desde a obten\u00e7\u00e3o das Licen\u00e7as Sanit\u00e1rias necess\u00e1rias at\u00e9 o registro dos produtos.<\/strong><br \/>\n<\/span><br \/>\n<span style=\"font-family: Oswald, sans-serif; font-size: 14px;\"><a href=\"http:\/\/interventus.com.br\/?page_id=32\">CONHE\u00c7A OS NOSSOS SERVI\u00c7OS<\/a>.<br \/>\n<\/span><span style=\"font-size: 12pt;\"><br \/>\n<\/span><span style=\"font-size: 12px;\">*ANVISA: Ag\u00eancia Nacional de Vigil\u00e2ncia Sanit\u00e1ria<\/p>\n<p><\/span><\/td>\n<\/tr>\n<\/tbody>\n<\/table><\/div><\/div>\n","protected":false},"excerpt":{"rendered":"<p>Sobre a Interventus<\/p>\n","protected":false},"author":1,"featured_media":0,"parent":0,"menu_order":0,"comment_status":"closed","ping_status":"open","template":"onepage.php","meta":{"_monsterinsights_skip_tracking":false,"_monsterinsights_sitenote_active":false,"_monsterinsights_sitenote_note":"","_monsterinsights_sitenote_category":0,"footnotes":""},"class_list":["post-7832","page","type-page","status-publish","hentry"],"_links":{"self":[{"href":"https:\/\/interventus.com.br\/index.php?rest_route=\/wp\/v2\/pages\/7832","targetHints":{"allow":["GET"]}}],"collection":[{"href":"https:\/\/interventus.com.br\/index.php?rest_route=\/wp\/v2\/pages"}],"about":[{"href":"https:\/\/interventus.com.br\/index.php?rest_route=\/wp\/v2\/types\/page"}],"author":[{"embeddable":true,"href":"https:\/\/interventus.com.br\/index.php?rest_route=\/wp\/v2\/users\/1"}],"replies":[{"embeddable":true,"href":"https:\/\/interventus.com.br\/index.php?rest_route=%2Fwp%2Fv2%2Fcomments&post=7832"}],"version-history":[{"count":39,"href":"https:\/\/interventus.com.br\/index.php?rest_route=\/wp\/v2\/pages\/7832\/revisions"}],"predecessor-version":[{"id":8246,"href":"https:\/\/interventus.com.br\/index.php?rest_route=\/wp\/v2\/pages\/7832\/revisions\/8246"}],"wp:attachment":[{"href":"https:\/\/interventus.com.br\/index.php?rest_route=%2Fwp%2Fv2%2Fmedia&parent=7832"}],"curies":[{"name":"wp","href":"https:\/\/api.w.org\/{rel}","templated":true}]}}