{"id":29,"date":"2013-03-22T13:30:37","date_gmt":"2013-03-22T13:30:37","guid":{"rendered":"http:\/\/health-center.vamtam.com\/?page_id=29"},"modified":"2024-01-18T13:31:30","modified_gmt":"2024-01-18T13:31:30","slug":"about-us","status":"publish","type":"page","link":"https:\/\/interventus.com.br\/?page_id=29","title":{"rendered":"Quem somos"},"content":{"rendered":"<div class=\"row \"><div class=\"wpv-grid grid-1-1  wpv-first-level first unextended\" style=\"padding-top:0px;padding-bottom:0px\" id=\"wpv-column-578f5816c4c4857400e28dbd9299313d\" ><p>\n\t\t\t<!-- START quemsomos REVOLUTION SLIDER 6.7.13 --><p class=\"rs-p-wp-fix\"><\/p>\n\t\t\t<rs-module-wrap id=\"rev_slider_5_1_wrapper\" data-source=\"gallery\" data-aimg=\"\"  style=\"visibility:hidden;background:#E9E9E9;padding:0;margin:0px auto;margin-top:0;margin-bottom:0;\">\n\t\t\t\t<rs-module id=\"rev_slider_5_1\" style=\"\" data-version=\"6.7.13\">\n\t\t\t\t\t<rs-slides style=\"overflow: hidden; position: absolute;\">\n\t\t\t\t\t\t<rs-slide style=\"position: absolute;\" data-key=\"rs-10\" data-title=\"Slide\" data-anim=\"ms:300;\" data-in=\"o:1;\" data-out=\"o:1;\">\n\t\t\t\t\t\t\t<img decoding=\"async\" src=\"\/\/interventus.com.br\/wp-content\/plugins\/revslider\/sr6\/assets\/assets\/dummy.png\" alt=\"\" title=\"Quem somos\" class=\"rev-slidebg tp-rs-img rs-lazyload\" data-lazyload=\"\/\/interventus.com.br\/wp-content\/uploads\/2014\/12\/Home-page-e1402938896175.jpg\" data-bg=\"p:center top;\" data-no-retina>\n<!---->\t\t\t\t\t<\/rs-slide>\n\t\t\t\t\t\t<rs-slide style=\"position: absolute;\" data-key=\"rs-101\" data-title=\"Slide\" data-anim=\"ms:300;\" data-in=\"o:1;\" data-out=\"o:1;\">\n\t\t\t\t\t\t\t<img decoding=\"async\" src=\"\/\/interventus.com.br\/wp-content\/plugins\/revslider\/sr6\/assets\/assets\/dummy.png\" alt=\"\" title=\"Quem somos\" class=\"rev-slidebg tp-rs-img rs-lazyload\" data-lazyload=\"\/\/interventus.com.br\/wp-content\/uploads\/2014\/12\/Home-page-e1402938896175.jpg\" data-bg=\"p:center top;\" data-no-retina>\n<!---->\t\t\t\t\t<\/rs-slide>\n\t\t\t\t\t<\/rs-slides>\n\t\t\t\t<\/rs-module>\n\t\t\t\t<script>\n\t\t\t\t\tsetREVStartSize({c: 'rev_slider_5_1',rl:[1240,1024,778,480],el:[],gw:[960],gh:[350],type:'standard',justify:'',layout:'fullwidth',mh:\"0\"});if (window.RS_MODULES!==undefined && window.RS_MODULES.modules!==undefined && window.RS_MODULES.modules[\"revslider51\"]!==undefined) {window.RS_MODULES.modules[\"revslider51\"].once = false;window.revapi5 = undefined;if (window.RS_MODULES.checkMinimal!==undefined) window.RS_MODULES.checkMinimal()}\n\t\t\t\t<\/script>\n\t\t\t<\/rs-module-wrap>\n\t\t\t<!-- END REVOLUTION SLIDER -->\n<\/div><\/div>\n<div class=\"row \"><div class=\"wpv-grid grid-1-1  wpv-first-level first hide-bg-lowres has-background unextended\" style=\"\n\t\t\t\tbackground: url( 'http:\/\/interventus.com.br\/wp-content\/uploads\/2014\/12\/pilulas-quem-baixo-ok.png' ) no-repeat center bottom;\n\t\t\t\tbackground-size: auto;\n\t\t\t\tbackground-attachment: scroll;\n\t\t\tpadding-top:80px;padding-bottom:80px\" id=\"wpv-column-4c0ff43e249322e71fa4af09c8ca8ec9\" ><div class=\"row \"><div class=\"wpv-grid grid-1-2  first unextended\" style=\"padding-top:0px;padding-bottom:0px\" id=\"wpv-column-4f9082b16973864135cc485c061ba3d6\" ><h2><span style=\"font-family: Oswald, sans-serif; font-size: 20px;\"><span style=\"color: #339966; font-size: 24px;\">Quem Somos<\/span><br \/>\n<\/span><\/h2>\n<p><span style=\"font-family: Oswald, sans-serif; font-size: 14px;\">A Interventus Consult possui como objetivo principal cooperar com o sucesso de nossos Clientes, oferecendo suporte desde a regulariza\u00e7\u00e3o Municipal de sua empresa at\u00e9 o registro de produtos frente \u00e0 ANVISA e MAPA.<\/span><br \/>\n<span style=\"font-family: Oswald, sans-serif; font-size: 14px;\">Possu\u00edmos competente quadro de especialistas, com larga experi\u00eancia nas diversas \u00e1reas de atua\u00e7\u00e3o no Sistema ANVISA\/MAPA.<\/span><\/p>\n<div class=\"push\" style='height:180px'><\/div><\/div><\/div><\/div><\/div>\n","protected":false},"excerpt":{"rendered":"","protected":false},"author":1,"featured_media":0,"parent":0,"menu_order":1,"comment_status":"closed","ping_status":"closed","template":"","meta":{"_monsterinsights_skip_tracking":false,"_monsterinsights_sitenote_active":false,"_monsterinsights_sitenote_note":"","_monsterinsights_sitenote_category":0,"footnotes":""},"class_list":["post-29","page","type-page","status-publish","hentry"],"_links":{"self":[{"href":"https:\/\/interventus.com.br\/index.php?rest_route=\/wp\/v2\/pages\/29","targetHints":{"allow":["GET"]}}],"collection":[{"href":"https:\/\/interventus.com.br\/index.php?rest_route=\/wp\/v2\/pages"}],"about":[{"href":"https:\/\/interventus.com.br\/index.php?rest_route=\/wp\/v2\/types\/page"}],"author":[{"embeddable":true,"href":"https:\/\/interventus.com.br\/index.php?rest_route=\/wp\/v2\/users\/1"}],"replies":[{"embeddable":true,"href":"https:\/\/interventus.com.br\/index.php?rest_route=%2Fwp%2Fv2%2Fcomments&post=29"}],"version-history":[{"count":30,"href":"https:\/\/interventus.com.br\/index.php?rest_route=\/wp\/v2\/pages\/29\/revisions"}],"predecessor-version":[{"id":8174,"href":"https:\/\/interventus.com.br\/index.php?rest_route=\/wp\/v2\/pages\/29\/revisions\/8174"}],"wp:attachment":[{"href":"https:\/\/interventus.com.br\/index.php?rest_route=%2Fwp%2Fv2%2Fmedia&parent=29"}],"curies":[{"name":"wp","href":"https:\/\/api.w.org\/{rel}","templated":true}]}}