{"id":268,"date":"2013-03-22T18:35:55","date_gmt":"2013-03-22T18:35:55","guid":{"rendered":"http:\/\/health-center.vamtam.com\/?page_id=268"},"modified":"2014-12-19T19:54:06","modified_gmt":"2014-12-19T19:54:06","slug":"portfolio-layouts","status":"publish","type":"page","link":"https:\/\/interventus.com.br\/?page_id=268","title":{"rendered":"ANVISA"},"content":{"rendered":"<div class=\"row \"><div class=\"wpv-grid grid-1-1  wpv-first-level first unextended\" style=\"padding-top:0px;padding-bottom:0px\" id=\"wpv-column-23a7d64c50c3c94452b8615cf3b0036c\" >\n\t\t\t<!-- START areatua REVOLUTION SLIDER 6.7.13 --><p class=\"rs-p-wp-fix\"><\/p>\n\t\t\t<rs-module-wrap id=\"rev_slider_10_1_wrapper\" data-source=\"gallery\" data-aimg=\"\"  style=\"visibility:hidden;background:#E9E9E9;padding:0;margin:0px auto;margin-top:0;margin-bottom:0;\">\n\t\t\t\t<rs-module id=\"rev_slider_10_1\" style=\"\" data-version=\"6.7.13\">\n\t\t\t\t\t<rs-slides style=\"overflow: hidden; position: absolute;\">\n\t\t\t\t\t\t<rs-slide style=\"position: absolute;\" data-key=\"rs-22\" data-title=\"Slide\" data-anim=\"d:10;ms:800;f:random;\" data-in=\"prst:rndany;o:0;r:cyc(-5|-3|-10|-5|-2|0|3|10|8|5);sx:2;sy:2;m:true;col:7;\">\n\t\t\t\t\t\t\t<img decoding=\"async\" src=\"\/\/interventus.com.br\/wp-content\/plugins\/revslider\/sr6\/assets\/assets\/dummy.png\" alt=\"\" title=\"ANVISA\" class=\"rev-slidebg tp-rs-img rs-lazyload\" data-lazyload=\"\/\/interventus.com.br\/wp-content\/uploads\/2014\/12\/65070-e1419020054493.jpg\" data-bg=\"p:center bottom;\" data-no-retina>\n<!---->\t\t\t\t\t<\/rs-slide>\n\t\t\t\t\t\t<rs-slide style=\"position: absolute;\" data-key=\"rs-221\" data-title=\"Slide\" data-anim=\"d:30;ms:1210;f:edges;\" data-in=\"prst:rndany;o:0;x:cyc(-10|10);y:cyc(-10|10);sx:4;sy:4;row:20;col:20;\" data-d3=\"f:incube;d:vertical;z:450;t:30;\">\n\t\t\t\t\t\t\t<img decoding=\"async\" src=\"\/\/interventus.com.br\/wp-content\/plugins\/revslider\/sr6\/assets\/assets\/dummy.png\" alt=\"\" title=\"ANVISA\" class=\"rev-slidebg tp-rs-img rs-lazyload\" data-lazyload=\"\/\/interventus.com.br\/wp-content\/uploads\/2014\/12\/65070-e1419020054493.jpg\" data-bg=\"p:center bottom;\" data-no-retina>\n<!---->\t\t\t\t\t<\/rs-slide>\n\t\t\t\t\t<\/rs-slides>\n\t\t\t\t<\/rs-module>\n\t\t\t\t<script>\n\t\t\t\t\tsetREVStartSize({c: 'rev_slider_10_1',rl:[1240,1024,778,480],el:[],gw:[960],gh:[350],type:'standard',justify:'',layout:'fullwidth',mh:\"0\"});if (window.RS_MODULES!==undefined && window.RS_MODULES.modules!==undefined && window.RS_MODULES.modules[\"revslider101\"]!==undefined) {window.RS_MODULES.modules[\"revslider101\"].once = false;window.revapi10 = undefined;if (window.RS_MODULES.checkMinimal!==undefined) window.RS_MODULES.checkMinimal()}\n\t\t\t\t<\/script>\n\t\t\t<\/rs-module-wrap>\n\t\t\t<!-- END REVOLUTION SLIDER -->\n<\/div><\/div> <div class=\"row \"><div class=\"wpv-grid grid-1-1  wpv-first-level first hide-bg-lowres has-background unextended\" style=\"\n\t\t\t\tbackground: url( 'http:\/\/interventus.com.br\/wp-content\/uploads\/2014\/12\/anvisa-baixo_2.png' ) no-repeat center bottom;\n\t\t\t\tbackground-size: auto;\n\t\t\t\tbackground-attachment: scroll;\n\t\t\tpadding-top:80px;padding-bottom:80px\" id=\"wpv-column-4c94a083a02672623425ce183095d1fd\" ><div class=\"row \"><div class=\"wpv-grid grid-1-2  first unextended\" style=\"padding-top:0px;padding-bottom:0px\" id=\"wpv-column-a82a451c986950f9684a9a6ae3b90801\" ><h2><span style=\"font-family: Oswald, sans-serif; font-size: 24px; color: #339966;\">ANVISA \u2013 Ag\u00eancia Nacional de Vigil\u00e2ncia Sanit\u00e1ria<\/span><\/h2>\n<p><span style=\"font-family: Oswald, sans-serif; font-size: 14px;\">A Ag\u00eancia Nacional de Vigil\u00e2ncia Sanit\u00e1ria (ANVISA) exerce o controle sanit\u00e1rio da produ\u00e7\u00e3o e comercializa\u00e7\u00e3o de produtos na esfera federal no Brasil. A autoriza\u00e7\u00e3o que esta emite chama-se AFE.<\/span> <span style=\"font-family: Oswald, sans-serif; font-size: 14px;\">\u2022 A empresa s\u00f3 poder\u00e1 comercializar o produto ap\u00f3s a publica\u00e7\u00e3o da autoriza\u00e7\u00e3o da empresa &#8211; AFE;<\/span> <span style=\"font-family: Oswald, sans-serif; font-size: 14px;\"> \u2022 O registro do produto \u00e9 v\u00e1lido por cinco anos e deve ser renovado.<\/span> <span style=\"font-family: Oswald, sans-serif; font-size: 14px;\">Produtos regulados pela ANVISA<\/span><\/p>\n<ul>\n<li><span style=\"font-family: Oswald, sans-serif; font-size: 14px;\"><strong>Cosm\u00e9ticos &#8211;<\/strong> Exs: Xampus, Cremes Corporal e Facial, Lo\u00e7\u00e3o, Gel, Esmalte, Produtos para Banho, Produtos para Barbear, Maquiagens diversas, entre outros.<\/span><\/li>\n<li><span style=\"font-family: Oswald, sans-serif; font-size: 14px;\"><strong>Produtos para a Sa\u00fade e Diagn\u00f3stico In Vitro \u2013<\/strong> Exs: Cadeiras de Rodas, Agulhas, Seringas, Lentes de Contato, Eletrodos, Equipamentos de Raio-X, Marcapasso Card\u00edaco, Meios de Cultura para Laborat\u00f3rios, Reagentes, entre outros.<\/span><\/li>\n<li><span style=\"font-family: Oswald, sans-serif; font-size: 14px;\"><strong>Medicamentos \u2013<\/strong> Exs: Medicamentos Gen\u00e9ricos, Fitoter\u00e1picos, Inovadores.<\/span><\/li>\n<li><span style=\"font-family: Oswald, sans-serif; font-size: 14px;\"><strong>Saneantes \u2013<\/strong> Exs: Desinfetantes, Desodorizantes, Repelentes, \u00c1gua Sanit\u00e1ria, entre outros.<\/span><\/li>\n<li><span style=\"font-family: Oswald, sans-serif; font-size: 14px;\"><strong>Alimentos \u2013<\/strong> Exs: Alimento para Atletas, Alimentos com propriedades funcionais, Alimentos infantis, entre outros (vide tamb\u00e9m MAPA).<\/span><\/li>\n<\/ul>\n<div class=\"push\" style='height:80px'><\/div><\/div><\/div><\/div><\/div>\n","protected":false},"excerpt":{"rendered":"","protected":false},"author":1,"featured_media":0,"parent":0,"menu_order":0,"comment_status":"closed","ping_status":"closed","template":"","meta":{"_monsterinsights_skip_tracking":false,"_monsterinsights_sitenote_active":false,"_monsterinsights_sitenote_note":"","_monsterinsights_sitenote_category":0,"footnotes":""},"class_list":["post-268","page","type-page","status-publish","hentry"],"_links":{"self":[{"href":"https:\/\/interventus.com.br\/index.php?rest_route=\/wp\/v2\/pages\/268","targetHints":{"allow":["GET"]}}],"collection":[{"href":"https:\/\/interventus.com.br\/index.php?rest_route=\/wp\/v2\/pages"}],"about":[{"href":"https:\/\/interventus.com.br\/index.php?rest_route=\/wp\/v2\/types\/page"}],"author":[{"embeddable":true,"href":"https:\/\/interventus.com.br\/index.php?rest_route=\/wp\/v2\/users\/1"}],"replies":[{"embeddable":true,"href":"https:\/\/interventus.com.br\/index.php?rest_route=%2Fwp%2Fv2%2Fcomments&post=268"}],"version-history":[{"count":22,"href":"https:\/\/interventus.com.br\/index.php?rest_route=\/wp\/v2\/pages\/268\/revisions"}],"predecessor-version":[{"id":8186,"href":"https:\/\/interventus.com.br\/index.php?rest_route=\/wp\/v2\/pages\/268\/revisions\/8186"}],"wp:attachment":[{"href":"https:\/\/interventus.com.br\/index.php?rest_route=%2Fwp%2Fv2%2Fmedia&parent=268"}],"curies":[{"name":"wp","href":"https:\/\/api.w.org\/{rel}","templated":true}]}}